07?
False
Is 27 a factor of 1668681?
True
Does 9 divide 2262076?
False
Is 2 a factor of 36874?
True
Is 154831 a multiple of 151?
False
Is 243 a factor of 66453?
False
Does 35 divide 286613?
False
Is 4481644 a multiple of 40?
False
Is 25 a factor of 528025?
True
Is 41382 a multiple of 114?
True
Is 16 a factor of 606923?
False
Does 74 divide 20925?
False
Does 19 divide 203433?
True
Is 34 a factor of 755336?
False
Is 892800 a multiple of 372?
True
Is 5612090 a multiple of 110?
True
Is 24 a factor of 4969584?
True
Is 221 a factor of 6926361?
True
Is 1235850 a multiple of 70?
True
Is 138 a factor of 9227370?
True
Does 12 divide 6225774?
False
Is 352 a factor of 1989504?
True
Does 157 divide 22584?
False
Is 1028 a factor of 2386816?
False
Does 122 divide 139708?
False
Does 1359 divide 10134278?
False
Does 30 divide 155131?
False
Is 43 a factor of 319417?
False
Does 76 divide 578436?
True
Is 739561 a multiple of 80?
False
Is 3 a factor of 35682?
True
Is 2744007 a multiple of 21?
True
Is 374603 a multiple of 6?
False
Does 8 divide 37043?
False
Is 499972 a multiple of 214?
False
Is 431 a factor of 164211?
True
Does 79 divide 152075?
True
Does 3 divide 2560465?
False
Does 15 divide 1572718?
False
Is 314 a factor of 7356959?
False
Is 36972 a multiple of 12?
True
Is 284886 a multiple of 114?
True
Is 1152396 a multiple of 126?
True
Is 9986088 a multiple of 40?
False
Is 1349419 a multiple of 41?
False
Is 25 a factor of 291100?
True
Is 14 a factor of 301296?
False
Is 19886 a multiple of 8?
False
Is 715147 a multiple of 2?
False
Is 29 a factor of 1753176?
False
Does 60 divide 955719?
False
Is 662119 a multiple of 5?
False
Does 2 divide 177005?
False
Does 10 divide 398580?
True
Is 19 a factor of 3151017?
True
Is 2 a factor of 63383?
False
Is 157441 a multiple of 53?
False
Is 146311 a multiple of 283?
True
Is 677930 a multiple of 55?
True
Is 26 a factor of 651872?
True
Is 7742414 a multiple of 761?
True
Is 25 a factor of 50950?
True
Is 5282855 a multiple of 17?
False
Is 6487132 a multiple of 17?
True
Is 1352169 a multiple of 273?
True
Does 29 divide 1341337?
True
Is 300312 a multiple of 12?
True
Does 161 divide 639814?
True
Is 63 a factor of 136458?
True
Is 3 a factor of 314408?
False
Does 45 divide 117923?
False
Is 6888960 a multiple of 419?
False
Is 553440 a multiple of 160?
True
Is 10 a factor of 19613?
False
Is 220353 a multiple of 147?
True
Is 983 a factor of 3634151?
True
Is 11 a factor of 688292?
True
Is 614 a factor of 29868644?
True
Does 166 divide 22659830?
True
Is 11 a factor of 235642?
True
Is 60 a factor of 993351?
False
Is 4616899 a multiple of 157?
True
Does 5 divide 209530?
True
Does 164 divide 1540452?
True
Does 100 divide 48741?
False
Is 42 a factor of 3370187?
False
Is 890340 a multiple of 6?
True
Is 7 a factor of 1329720?
True
Is 229072 a multiple of 54?
False
Is 3418835 a multiple of 11?
False
Is 246933 a multiple of 9?
True
Is 143112 a multiple of 12?
True
Does 185 divide 491545?
True
Is 41144 a multiple of 74?
True
Is 12 a factor of 11853?
False
Does 18 divide 2089548?
True
Does 863 divide 4529024?
True
Does 40 divide 147600?
True
Is 2 a factor of 679381?
False
Is 66 a factor of 247091?
False
Does 533 divide 1447575?
False
Is 688446 a multiple of 114?
True
Is 25 a factor of 359575?
True
Does 6 divide 177331?
False
Does 148 divide 1113256?
True
Is 311 a factor of 3817214?
True
Does 94 divide 968992?
False
Is 6919 a multiple of 27?
False
Is 53024 a multiple of 8?
True
Does 101 divide 1104494?
False
Does 7 divide 109517?
False
Is 358299 a multiple of 211?
False
Does 91 divide 64337?
True
Is 13 a factor of 231954?
False
Does 18 divide 248496?
False
Does 171 divide 280098?
True
Is 14 a factor of 13101?
False
Is 54 a factor of 1293597?
False
Is 134578 a multiple of 70?
False
Is 145 a factor of 403070?
False
Is 15 a factor of 130835?
False
Is 20395561 a multiple of 1138?
False
Is 99287 a multiple of 29?
False
Is 15 a factor of 329295?
True
Is 630 a factor of 2179037?
False
Is 168 a factor of 1925172?
False
Does 17 divide 2166731?
False
Is 2022 a factor of 29784259?
False
Does 14 divide 175768?
False
Does 1033 divide 5458372?
True
Does 229 divide 552806?
True
Is 12 a factor of 405907?
False
Is 2826201 a multiple of 472?
False
Does 10 divide 274073?
False
Is 4388942 a multiple of 92?
False
Does 38 divide 437425?
False
Is 1791 a factor of 204174?
True
Does 551 divide 38019?
True
Does 491 divide 28743140?
True
Is 1112826 a multiple of 11?
True
Is 148 a factor of 820482?
False
Does 1005 divide 285809?
False
Does 133 divide 21413?
True
Is 26 a factor of 14809964?
True
Is 387511 a multiple of 479?
True
Is 128 a factor of 78817?
False
Does 67 divide 371113?
True
Does 69 divide 924324?
True
Is 6 a factor of 320218?
False
Is 805770 a multiple of 186?
False
Is 83 a factor of 7373?
False
Is 14640 a multiple of 6?
True
Does 4 divide 34113?
False
Is 867290 a multiple of 23?
False
Is 832988 a multiple of 332?
True
Is 40 a factor of 164498?
False
Is 17 a factor of 3534623?
True
Does 55 divide 200983?
False
Is 14 a factor of 236684?
True
Is 328284 a multiple of 17?
False
Does 16 divide 121039?
False
Is 16704 a multiple of 58?
True
Is 1028 a factor of 3780984?
True
Does 331 divide 11764402?
True
Is 146 a factor of 2596756?
True
Does 4 divide 8811?
False
Does 8 divide 206624?
True
Is 101896 a multiple of 94?
True
Is 506 a factor of 1297890?
True
Does 137 divide 1287526?
True
Is 12 a factor of 192108?
True
Is 75 a factor of 1500?
True
Is 5 a factor of 16014?
False
Does 27 divide 4905036?
True
Does 56 divide 254520?
True
Is 1553091 a multiple of 57?
False
Is 94 a factor of 37176?
False
Does 5 divide 389250?
True
Does 2 divide 1740?
True
Is 1379202 a multiple of 37?
False
Does 70 divide 214480?
True
Does 106 divide 17098?
False
Is 32 a factor of 584650?
False
Does 8 divide 305496?
True
Is 24 a factor of 26756?
False
Is 1938 a multiple of 2?
True
Is 5012043 a multiple of 73?
False
Does 22 divide 114501?
False
Is 992647 a multiple of 14?
False
Is 208161 a multiple of 134?
False
Is 3439200 a multiple of 1065?
False
Does 170 divide 7674140?
True
Is 18 a factor of 36256?
False
Is 18 a factor of 198808?
False
Does 70 divide 222880?
True
Is 231552 a multiple of 67?
True
Is 933 a factor of 441960?
False
Does 5 divide 3625?
True
Does 53 divide 11676383?
False
Does 51 divide 12676203?
True
Is 55 a factor of 16830?
True
Does 2 divide 495111?
False
Does 121 divide 1342374?
True
Does 3 divide 41872?
False
Is 461011 a multiple of 546?
False
Is 812519 a multiple of 5?
False
Is 292 a factor of 2880872?
True
Is 795140 a multiple of 187?
False
Is 69437 a multiple of 54?
False
Is 81 a factor of 13689?
True
Is 95 a factor of 547087?
False
Does 22 divide 2560444?
False
Is 73 a factor of 639122?
False
Is 291 a factor of 2182209?
True
Does 24 divide 229176?
True
Does 14 divide 40337?
False
Does 47 divide 452798?
True
Is 11 a factor of 135105?
False
Is 13 a factor of 14058473?
True
Is 334428 even?
True
Is 77 a factor of 420984?
False
Does 14 divide 1273398?
True
Is 9 a factor of 10111769?
False
Is 122 a factor of 8597218?
True
Is 1034792 a multiple of 427?
False
Is 10538 a multiple of 4?
False
Does 3 divide 3808?
False
Is 1632694 a multiple of 839?
True
Is 35973 a multiple of 7?
True
Does 851 divide 1587966?
True
Is 4063499 a multiple of 17?
False
Does 28 divide 281860?
False
Does 7 divide 16935?
False
Is 1698144 a multiple of 19?
True
Does 678 divide 1614337?
False
Is 4330644 a multiple of 668?
True
Is 4648 a multiple of 28?
True
Is 10 a factor of 760090?
True
Does 104 divide 445848?
True
Does 350 divide 669132?
False
Is 17 a factor of 27166?
True
Does 263 divide 761911?
True
Is 11587 a multiple of 11?
False
Is 391859 a multiple of 191?
False
Does 17 divide 1691882?
False
Is 8320746 a multiple of 21?
True
Is 6404790 a multiple of 294?
True
Is 4952780 a multiple of 476?
True
Does 15 divide 9735?
True
Is 319 a factor of 1434224?
True
Does 11 divide 42716?
False
Is 11 a factor of 2266309?
False
Is 29 a factor of 439495?
True
Does 24 divide 198624?
True
Does 95 divide 7420942?
False
Does 12 divide 1248990?
False
Is 12 a factor of 190813?
False
Is 964838 a multiple of 125?
False
Is 1530214 a multiple of 354?
False
Is 32 a factor of 299675?
False
Is 1014680 a multiple of 131?
False
Is 10850